. What are the prime factors of c(-8)?
3, 13
Suppose 2*n - 183 = -2*z - 35, -4*z + 3*n + 261 = 0. Suppose -z = 12*y - 13*y. What are the prime factors of y?
3, 23
Let k(w) be the second derivative of w**5/20 + w**4/12 - w**3/6 + w**2 + 9*w. Let f = -3 + 3. List the prime factors of k(f).
2
What are the prime factors of 12/(-66) + (673/11 - -3)?
2
Let a be 240/25 - 2/(-5). Let z be -1*(-4)/(8/a). Suppose 3*f - z*f = -42. What are the prime factors of f?
3, 7
Suppose 2*s = -5*t + 8107, 8*t - 6483 = 4*t + s. List the prime factors of t.
1621
Let f = -2452 - -3865. What are the prime factors of f?
3, 157
Let x be (-2)/(-3*(-5)/(210/4)). What are the prime factors of x/((-105)/10)*51?
2, 17
Suppose 0 = -2*j + w - 4*w + 1276, -2*j = 2*w - 1276. List the prime factors of j.
2, 11, 29
Suppose 5*h - 3*w = 5737 + 5297, 2*w - 4 = 0. What are the prime factors of h?
2, 3, 23
Let m be (-1140)/(-50)*(0 - (-10)/4). Let u = -54 + m. What are the prime factors of u?
3
Let q(k) = 21*k**2 + 6*k - 12. List the prime factors of q(-6).
2, 3, 59
Suppose -4*r = -2*r + 12. Let a(f) = f**3 + 6*f**2 + 2*f + 8. Let b be a(r). Let k = 16 - b. What are the prime factors of k?
2, 5
Let i = -58 + 183. Let y = i + -53. What are the prime factors of y?
2, 3
Suppose -3*m + 2*j = -1226, 0*m + m + 4*j - 418 = 0. List the prime factors of m.
2, 5, 41
Suppose -30 = -2*t - t. Let s be 15/t*(-4)/(-3). Suppose 3*m - 33 = -3*b + 12, -s*b + 2 = 0. What are the prime factors of m?
2, 7
Let y(c) = c + 4. Let m be y(0). List the prime factors of m/(-12) - 14*364/(-24).
2, 53
List the prime factors of ((-14512)/28)/(6*(-2)/42).
2, 907
Let b(o) = 5*o - 10. Let m be b(3). Suppose 0 = 10*j - m*j - 400. What are the prime factors of j?
2, 5
List the prime factors of -218*((-7)/(-2) - (-8 + 13)).
3, 109
Let u(s) = 14*s**2 - 9. List the prime factors of u(-5).
11, 31
Let y(d) = -3*d**2 + 55*d - 50. What are the prime factors of y(17)?
2, 3
Suppose -3*f - 7 = 5*d, -f = -d + 4*f - 7. List the prime factors of (44 + d - 2)/2.
2, 5
List the prime factors of (-16)/(-36) - (-946)/18.
53
Let p = 86 - 84. What are the prime factors of 1/(1/p + 177/(-358))?
179
Suppose 2*d = -2*p - 0*p + 258, 4*d + p = 516. Suppose 6*u = 885 + d. List the prime factors of u.
13
What are the prime factors of (-2684)/(-16)*6*2/3?
11, 61
Suppose -4*k + 51 = 11. Suppose 5*f = 4*x - 736, k*f + 187 = x + 8*f. List the prime factors of x.
179
Let c(n) = -n + 1. Let o be (4 + -8)/2*-1. Let y be c(o). List the prime factors of y*3 + 3 + 52.
2, 13
Let r = 2448 + -1593. List the prime factors of r.
3, 5, 19
Suppose 0*x - 3*x + 3 = -q, -2*x = -2. Let k be 26*(-1 + 0/2). Let t = q - k. List the prime factors of t.
2, 13
Suppose 13*q - 6300 = -8*q. What are the prime factors of q?
2, 3, 5
Let v(o) = -o**3 - 4*o**2 + 17*o + 7. Let k(q) = -8*q**3 + 2*q**2 - 2*q. Let w be k(1). List the prime factors of v(w).
127
Let a(n) = 20*n - 21. Let g be a(4). Suppose -73 = -5*j + s + s, 0 = -3*j + 5*s + g. What are the prime factors of j?
13
Let m(d) = -119*d + 249. List the prime factors of m(-18).
3, 797
Suppose -2*j - 5*b = 331, j + 500 = -2*j - 4*b. Let q be j/32 - 3/4. Let d(a) = a**3 + 8*a**2 + 6*a + 3. List the prime factors of d(q).
3, 13
Suppose 0 = f - 2*g - g, f + 2*g = 5. Let l be 3 - (-2)/f*3. Suppose -4*y + 0*u + 2*u = -90, u = -l*y + 130. What are the prime factors of y?
5
Let n = 19 + -2. Let j = n - 9. What are the prime factors of -2*4/j*-22?
2, 11
Let t = 6029 + -4067. List the prime factors of t.
2, 3, 109
Let y(n) = -7*n**3 - n**2. Let v be y(-1). Suppose 0 = 10*i - 7*i - v. Suppose 3*z - 1 = 8, 0 = -3*m + i*z + 162. List the prime factors of m.
2, 7
Let h = -528 + 592. What are the prime factors of h?
2
Suppose 4*a + 14*z - 13*z = 1213, -1505 = -5*a - 5*z. What are the prime factors of a?
2, 19
Suppose 0 = 104*g - 115*g + 10494. What are the prime factors of g?
2, 3, 53
Let p = 3305 - 1776. List the prime factors of p.
11, 139
Suppose -2214 + 13059 = 3*l. List the prime factors of (-6)/(-36) + l/18.
3, 67
Suppose 0 = -h + 2 + 2. Suppose -h*i + 171 = -5*k, -i - k = 4*i - 250. What are the prime factors of i?
7
Let x(n) = -n**3 + 17*n**2 - 2*n - 8. What are the prime factors of x(10)?
2, 3, 7
Let y(m) = m**3 - 5*m**2 - 2*m - 12. Suppose -n = 5*q - 40, 3*q + 5*n - 2*n - 24 = 0. List the prime factors of y(q).
2, 41
Suppose l + 3*l = -5*h + 5, -2*l + h - 1 = 0. Let o = 4 - 2. Suppose t - 11 - o = l. List the prime factors of t.
13
Suppose -206 + 134 = -2*t. Suppose 3*p = 5*f + 4*p - 60, 2*p = -3*f + t. What are the prime factors of f?
2, 3
Let r(f) = f + 10. Let v be r(-7). Suppose v*b = 2*z + 136, 4*b + 2*z - 170 = -z. What are the prime factors of b?
2, 11
Suppose -4*f - 28 = -0*w + 3*w, -f + w = 14. List the prime factors of (f/4)/((-6)/132).
5, 11
Let t(c) = -55*c - 4. Let m = -107 - -103. List the prime factors of t(m).
2, 3
Suppose -33*j = -29*j + 364. List the prime factors of 1 + -4 - (-2 - -5)*j.
2, 3, 5
Let z = -448 - -757. List the prime factors of z.
3, 103
Let d(w) = -w**3 + 4*w**2 + 4*w + 10. Let j be d(-5). Suppose 8*o = 13*o - j. List the prime factors of o.
43
Suppose 3*j + x + 0*x = -81, j + 16 = -4*x. Let m = 119 + j. Suppose -5*g + 29 = -m. What are the prime factors of g?
2, 3
Suppose 2*c + 7 = 11. Suppose 0 = 3*q - 3*g + c*g - 182, -3*q + 5*g = -190. What are the prime factors of q?
2, 3, 5
Let c(q) = q**2 + 3*q. Let z(d) = -2*d**2 - 1 + 3*d**2 + 2*d - 3*d**2 - 9*d**3. Let t be z(1). What are the prime factors of c(t)?
2, 5, 7
Suppose -3*z = 5*w - 371, 5*z - 2*z - 359 = -2*w. Suppose 0 = 4*f - 12, -4*x - f - 2*f = -z. What are the prime factors of x?
3
Let v be -5 - -3 - -2*3. Suppose 5*w + 19 = -4*j - 9, 5*w = v*j - 52. What are the prime factors of (-322)/w - (-2)/(-8)?
2, 5
Let f(w) = -w**3 + 3*w**2 - w. Let i be f(1). Let d(z) = -26*z**2 + z. Let g be d(i). Let l = 33 - g. List the prime factors of l.
2, 29
Suppose -5*n + 2*u = -2991, -3*n - 4*u + 650 = -1129. What are the prime factors of n?
3, 199
Suppose -f = 4*d + 5, -f + 2*d + 8 - 1 = 0. Suppose 5*q + f*v = 402, 4*q - v = -3*v + 322. What are the prime factors of q?
3
Let d be ((-12)/8)/((9/160)/3). List the prime factors of (-12300)/d + (-1 - (-10)/8).
2, 7, 11
Let o = 514 + -127. List the prime factors of o.
3, 43
Suppose 3 = 3*b, -1472 = -4*p + 50*b - 46*b. What are the prime factors of p?
3, 41
Suppose 34*n - 2516 = 60792. List the prime factors of n.
2, 7, 19
Let w(t) = -t**2 + 9*t - 8. Let x = 25 - 18. Let c be w(x). List the prime factors of c/4*144/27.
2
Let g(x) = x**3 - 4*x**2 - 3*x - 6. Let d be g(5). Suppose -3*t + r = -0*r - 31, 80 = 5*t + d*r. What are the prime factors of t?
2, 3
Let d = 63 - 226. Let r = 38 - d. List the prime factors of r.
3, 67
Let h(p) = 2*p**2 - 5*p + 6. Let k be h(4). Let c be (-3)/k - (-1924)/24. Suppose 0 = 5*y + 2*u + 6 - c, 4*y = -5*u + 49. List the prime factors of y.
2
Let n(t) = t**3 + 15*t**2 + 18*t - 13. What are the prime factors of n(-10)?
307
Let q(w) = 3*w**2 + 5*w + 5. Let d be q(-5). Suppose -4*v = -9*v + d. Suppose 5*x - 131 = -v. What are the prime factors of x?
2, 3
Let p = 68 - 139. Let y = p + 121. List the prime factors of y.
2, 5
List the prime factors of (-186)/(-279) + (-6296)/(-6).
2, 3, 5, 7
Let t be -5*((-12)/3 + 3). Let i be -2 - 1 - (t - 8). Suppose -17*m + 13*m + 240 = i. What are the prime factors of m?
2, 3, 5
What are the prime factors of 4 - (4/8*-518 - 4)?
3, 89
Suppose 6*z + 3*z - 18 = 0. Suppose -z*f + 267 = f. What are the prime factors of f?
89
Let u be (10/1)/(23/46). Suppose -u = -0*l - 2*l. Suppose l*o - 43 = 9*o. List the prime factors of o.
43
Let x(v) = -2*v + 14. Let r be x(6). Suppose r*a - 31 = a. Let u = -7 + a. List the prime factors of u.
2, 3
Suppose 0 = -122*d + 34*d + 173624. What are the prime factors of d?
1973
Let y(k) = -k**2 - 17*k + 14. Let u = 8 - 8. Suppose 5*f - 4 + 84 = u. What are the prime factors of y(f)?
2, 3, 5
Let c(p) = -230*p - 14. Let y be c(-6). Suppose -396 = 5*m - 3*b - y, 176 = m + 3*b. List the prime factors of m.
191
Let r(u) = 67*u**2 + 20*u + 86. List the prime factors of r(-4).
2, 7, 11
Let k be (-1236)/(-18) - 2/(-6). Suppose k = 4*u - 63. What are the prime factors of (-6)/u + (-1110)/(-55)?
2, 5
Let u(j) = j**2 + 6*j + 7. Le